
What are the prime factors of 10545?
3, 5, 19, 37
List the prime factors of 820.
2, 5, 41
List the prime factors of 6606.
2, 3, 367
List the prime factors of 5528.
2, 691
List the prime factors of 1456.
2, 7, 13
List the prime factors of 2929.
29, 101
What are the prime factors of 4543?
7, 11, 59
List the prime factors of 90664.
2, 7, 1619
List the prime factors of 3489.
3, 1163
List the prime factors of 478.
2, 239
List the prime factors of 16627.
13, 1279
List the prime factors of 614.
2, 307
List the prime factors of 2509.
13, 193
List the prime factors of 45205.
5, 9041
What are the prime factors of 6226?
2, 11, 283
List the prime factors of 15357.
3, 5119
What are the prime factors of 16499?
7, 2357
What are the prime factors of 34178?
2, 23, 743
List the prime factors of 804.
2, 3, 67
List the prime factors of 259.
7, 37
What are the prime factors of 5311?
47, 113
List the prime factors of 3077.
17, 181
What are the prime factors of 5449?
5449
List the prime factors of 2807.
7, 401
List the prime factors of 10635.
3, 5, 709
List the prime factors of 3930.
2, 3, 5, 131
What are the prime factors of 9556?
2, 2389
List the prime factors of 40784.
2, 2549
What are the prime factors of 7689?
3, 11, 233
What are the prime factors of 21777?
3, 7, 17, 61
What are the prime factors of 35882?
2, 7, 11, 233
What are the prime factors of 13589?
107, 127
List the prime factors of 93032.
2, 29, 401
List the prime factors of 46.
2, 23
List the prime factors of 6861.
3, 2287
What are the prime factors of 66542?
2, 7, 97
What are the prime factors of 131456?
2, 13, 79
List the prime factors of 17427.
3, 37, 157
What are the prime factors of 594?
2, 3, 11
What are the prime factors of 4302?
2, 3, 239
What are the prime factors of 133824?
2, 3, 17, 41
What are the prime factors of 723?
3, 241
List the prime factors of 52059.
3, 7, 37, 67
List the prime factors of 5204.
2, 1301
What are the prime factors of 71310?
2, 3, 5, 2377
List the prime factors of 3271.
3271
List the prime factors of 29166.
2, 3, 4861
List the prime factors of 15608.
2, 1951
List the prime factors of 3755.
5, 751
What are the prime factors of 31366?
2, 15683
List the prime factors of 3446.
2, 1723
List the prime factors of 8192.
2
List the prime factors of 84.
2, 3, 7
List the prime factors of 101544.
2, 3, 4231
What are the prime factors of 102303?
3, 421
List the prime factors of 96731.
96731
List the prime factors of 77972.
2, 101, 193
List the prime factors of 742.
2, 7, 53
List the prime factors of 127298.
2, 63649
List the prime factors of 6655.
5, 11
List the prime factors of 14138.
2, 7069
List the prime factors of 41.
41
What are the prime factors of 105018?
2, 3, 23, 761
List the prime factors of 90220.
2, 5, 13, 347
List the prime factors of 15175.
5, 607
List the prime factors of 33950.
2, 5, 7, 97
What are the prime factors of 93754?
2, 46877
List the prime factors of 24956.
2, 17, 367
What are the prime factors of 488?
2, 61
List the prime factors of 59951.
59951
What are the prime factors of 9655?
5, 1931
List the prime factors of 4764.
2, 3, 397
List the prime factors of 976.
2, 61
List the prime factors of 4492.
2, 1123
List the prime factors of 196.
2, 7
List the prime factors of 99.
3, 11
List the prime factors of 3345.
3, 5, 223
What are the prime factors of 1049?
1049
What are the prime factors of 69?
3, 23
What are the prime factors of 66386?
2, 19, 1747
List the prime factors of 4327.
4327
What are the prime factors of 896?
2, 7
What are the prime factors of 1829?
31, 59
List the prime factors of 903.
3, 7, 43
List the prime factors of 8730.
2, 3, 5, 97
What are the prime factors of 15602?
2, 29, 269
List the prime factors of 3691.
3691
What are the prime factors of 14075?
5, 563
List the prime factors of 410.
2, 5, 41
What are the prime factors of 1945?
5, 389
List the prime factors of 3638.
2, 17, 107
What are the prime factors of 511?
7, 73
What are the prime factors of 32218?
2, 89, 181
What are the prime factors of 3534?
2, 3, 19, 31
What are the prime factors of 11196?
2, 3, 311
List the prime factors of 9015.
3, 5, 601
What are the prime factors of 1064?
2, 7, 19
List the prime factors of 2200.
2, 5, 11
List the prime factors of 17878.
2, 7, 1277
What are the prime factors of 1112?
2, 139
List the prime factors of 14414.
2, 7207
What are the prime factors of 140?
2, 5, 7
List the prime factors of 1666.
2, 7, 17
List the prime factors of 19646.
2, 11, 19, 47
List the prime factors of 3390.
2, 3, 5, 113
What are the prime factors of 1480?
2, 5, 37
List the prime factors of 16583.
7, 23, 103
List the prime factors of 5097.
3, 1699
What are the prime factors of 6343?
6343
List the prime factors of 259.
7, 37
What are the prime factors of 50178?
2, 3, 8363
What are the prime factors of 460?
2, 5, 23
List the prime factors of 4295.
5, 859
List the prime factors of 1370.
2, 5, 137
List the prime factors of 495.
3, 5, 11
List the prime factors of 18316.
2, 19, 241
What are the prime factors of 4451?
4451
What are the prime factors of 105072?
2, 3, 11, 199
What are the prime factors of 2399?
2399
List the prime factors of 32118.
2, 3, 53, 101
What are the prime factors of 7418?
2, 3709
What are the prime factors of 5000?
2, 5
List the prime factors of 18601.
11, 19, 89
What are the prime factors of 7453?
29, 257
List the prime factors of 12100.
2, 5, 11
What are the prime factors of 127912?
2, 59, 271
List the prime factors of 819.
3, 7, 13
What are the prime factors of 3769?
3769
What are the prime factors of 835?
5, 167
What are the prime factors of 7365?
3, 5, 491
What are the prime factors of 242?
2, 11
List the prime factors of 962.
2, 13, 37
List the prime factors of 12136.
2, 37, 41
List the prime factors of 1569.
3, 523
What are the prime factors of 3176?
2, 397
What are the prime factors of 8360?
2, 5, 11, 19
What are the prime factors of 4331?
61, 71
List the prime factors of 32692.
2, 11, 743
What are the prime factors of 75?
3, 5
List the prime factors of 1666.
2, 7, 17
What are the prime factors of 27205?
5, 5441
List the prime factors of 729.
3
What are the prime factors of 1199?
11, 109
List the prime factors of 1424.
2, 89
List the prime factors of 3172.
2, 13, 61
List the prime factors of 54557.
89, 613
What are the prime factors of 15798?
2, 3, 2633
What are the prime factors of 349?
349
What are the prime factors of 71190?
2, 3, 5, 7, 113
What are the prime factors of 5730?
2, 3, 5, 191
What are the prime factors of 991?
991
List the prime factors of 105839.
109, 971
What are the prime factors of 65710?
2, 5, 6571
What are the prime factors of 23692?
2, 5923
What are the prime factors of 236?
2, 59
What are the prime factors of 27?
3
What are the prime factors of 1785?
3, 5, 7, 17
List the prime factors of 2444.
2, 13, 47
What are the prime factors of 51870?
2, 3, 5, 7, 13, 19
What are the prime factors of 76674?
2, 3, 13, 983
List the prime factors of 3919.
3919
List the prime factors of 160.
2, 5
What are the prime factors of 743?
743
What are the prime factors of 20408?
2, 2551
What are the prime factors of 203?
7, 29
List the prime factors of 1072.
2, 67
What are the prime factors of 175?
5, 7
List the prime factors of 179575.
5, 11, 653
List the prime factors of 11888.
2, 743
List the prime factors of 17955.
3, 5, 7, 19
What are the prime factors of 467?
467
List the prime factors of 2428.
2, 607
List the prime factors of 1667.
1667
What are the prime factors of 33682?
2, 11, 1531
What are the prime factors of 14678?
2, 41, 179
What are the prime factors of 6502?
2, 3251
List the prime factors of 42952.
2, 7, 13, 59
What are the prime factors of 2417?
2417
What are the prime factors of 871?
13, 67
List the prime factors of 22475.
5, 29, 31
What are the prime factors of 1518?
2, 3, 11, 23
What are the prime factors of 77482?
2, 19, 2039
What are the prime factors of 362?
2, 181
List the prime factors of 15665.
5, 13, 241
List the prime factors of 2006.
2, 17, 59
What are the prime factors of 71931?
3, 23977
What are the prime factors of 225?
3, 5
What are the prime factors of 7158?
2, 3, 1193
What are the prime factors of 36972?
2, 3, 13, 79
What are the prime factors of 503?
503
What are the prime factors of 2868?
2, 3, 239
List the p